[INFO] fetching crate gamer 0.1.0...
[INFO] checking gamer-0.1.0 against master#9610dfe5a9a731ced1ea4923ecbd0c57fe367898 for beta-170-4
[INFO] extracting crate gamer 0.1.0 into /workspace/builds/worker-5-tc1/source
[INFO] validating manifest of crates.io crate gamer 0.1.0 on toolchain 9610dfe5a9a731ced1ea4923ecbd0c57fe367898
[INFO] running `Command { std: CARGO_HOME="/workspace/cargo-home" RUSTUP_HOME="/workspace/rustup-home" "/workspace/cargo-home/bin/cargo" "+9610dfe5a9a731ced1ea4923ecbd0c57fe367898" "metadata" "--manifest-path" "Cargo.toml" "--no-deps", kill_on_drop: false }`
[INFO] started tweaking crates.io crate gamer 0.1.0
[INFO] finished tweaking crates.io crate gamer 0.1.0
[INFO] tweaked toml for crates.io crate gamer 0.1.0 written to /workspace/builds/worker-5-tc1/source/Cargo.toml
[INFO] running `Command { std: CARGO_HOME="/workspace/cargo-home" RUSTUP_HOME="/workspace/rustup-home" __CARGO_TEST_CHANNEL_OVERRIDE_DO_NOT_USE_THIS="nightly" "/workspace/cargo-home/bin/cargo" "+9610dfe5a9a731ced1ea4923ecbd0c57fe367898" "generate-lockfile" "--manifest-path" "Cargo.toml" "-Zno-index-update", kill_on_drop: false }`
[INFO] running `Command { std: CARGO_HOME="/workspace/cargo-home" RUSTUP_HOME="/workspace/rustup-home" "/workspace/cargo-home/bin/cargo" "+9610dfe5a9a731ced1ea4923ecbd0c57fe367898" "fetch" "--manifest-path" "Cargo.toml", kill_on_drop: false }`
[INFO] running `Command { std: "docker" "create" "-v" "/var/lib/crater-agent-workspace/builds/worker-5-tc1/target:/opt/rustwide/target:rw,Z" "-v" "/var/lib/crater-agent-workspace/builds/worker-5-tc1/source:/opt/rustwide/workdir:ro,Z" "-v" "/var/lib/crater-agent-workspace/cargo-home:/opt/rustwide/cargo-home:ro,Z" "-v" "/var/lib/crater-agent-workspace/rustup-home:/opt/rustwide/rustup-home:ro,Z" "-e" "SOURCE_DIR=/opt/rustwide/workdir" "-e" "CARGO_TARGET_DIR=/opt/rustwide/target" "-e" "CARGO_HOME=/opt/rustwide/cargo-home" "-e" "RUSTUP_HOME=/opt/rustwide/rustup-home" "-w" "/opt/rustwide/workdir" "-m" "1610612736" "--user" "0:0" "--network" "none" "ghcr.io/rust-lang/crates-build-env/linux@sha256:19e73879b68f455e41552ea35293514db52ea292d993f571636dbffedb77a1ee" "/opt/rustwide/cargo-home/bin/cargo" "+9610dfe5a9a731ced1ea4923ecbd0c57fe367898" "metadata" "--no-deps" "--format-version=1", kill_on_drop: false }`
[INFO] [stdout] 0eff056da66bab1f1e75516915951535b76cfa5a661fa6634b133b6c85e21984
[INFO] running `Command { std: "docker" "start" "-a" "0eff056da66bab1f1e75516915951535b76cfa5a661fa6634b133b6c85e21984", kill_on_drop: false }`
[INFO] running `Command { std: "docker" "inspect" "0eff056da66bab1f1e75516915951535b76cfa5a661fa6634b133b6c85e21984", kill_on_drop: false }`
[INFO] running `Command { std: "docker" "rm" "-f" "0eff056da66bab1f1e75516915951535b76cfa5a661fa6634b133b6c85e21984", kill_on_drop: false }`
[INFO] [stdout] 0eff056da66bab1f1e75516915951535b76cfa5a661fa6634b133b6c85e21984
[INFO] running `Command { std: "docker" "create" "-v" "/var/lib/crater-agent-workspace/builds/worker-5-tc1/target:/opt/rustwide/target:rw,Z" "-v" "/var/lib/crater-agent-workspace/builds/worker-5-tc1/source:/opt/rustwide/workdir:ro,Z" "-v" "/var/lib/crater-agent-workspace/cargo-home:/opt/rustwide/cargo-home:ro,Z" "-v" "/var/lib/crater-agent-workspace/rustup-home:/opt/rustwide/rustup-home:ro,Z" "-e" "SOURCE_DIR=/opt/rustwide/workdir" "-e" "CARGO_TARGET_DIR=/opt/rustwide/target" "-e" "CARGO_INCREMENTAL=0" "-e" "RUST_BACKTRACE=full" "-e" "RUSTFLAGS=--cap-lints=forbid" "-e" "RUSTDOCFLAGS=--cap-lints=forbid" "-e" "CARGO_HOME=/opt/rustwide/cargo-home" "-e" "RUSTUP_HOME=/opt/rustwide/rustup-home" "-w" "/opt/rustwide/workdir" "-m" "1610612736" "--user" "0:0" "--network" "none" "ghcr.io/rust-lang/crates-build-env/linux@sha256:19e73879b68f455e41552ea35293514db52ea292d993f571636dbffedb77a1ee" "/opt/rustwide/cargo-home/bin/cargo" "+9610dfe5a9a731ced1ea4923ecbd0c57fe367898" "check" "--frozen" "--all" "--all-targets" "--message-format=json", kill_on_drop: false }`
[INFO] [stdout] 0ad179296378bafd9415c113bf00385014c403d43fab5dbfd2e60536e2828a86
[INFO] running `Command { std: "docker" "start" "-a" "0ad179296378bafd9415c113bf00385014c403d43fab5dbfd2e60536e2828a86", kill_on_drop: false }`
[INFO] [stderr]     Checking rand v0.4.6
[INFO] [stderr]     Checking gamer v0.1.0 (/opt/rustwide/workdir)
[INFO] [stdout] error[E0635]: unknown feature `vec_remove_item`
[INFO] [stdout]  --> src/lib.rs:1:12
[INFO] [stdout]   |
[INFO] [stdout] 1 | #![feature(vec_remove_item)]
[INFO] [stdout]   |            ^^^^^^^^^^^^^^^
[INFO] [stdout] 
[INFO] [stdout] 
[INFO] [stdout] error[E0635]: unknown feature `vec_remove_item`
[INFO] [stdout]  --> src/lib.rs:1:12
[INFO] [stdout]   |
[INFO] [stdout] 1 | #![feature(vec_remove_item)]
[INFO] [stdout]   |            ^^^^^^^^^^^^^^^
[INFO] [stdout] 
[INFO] [stdout] 
[INFO] [stdout] error[E0599]: no method named `remove_item` found for struct `Vec<P>` in the current scope
[INFO] [stdout]   --> src/matchers/continuous/random_pairs.rs:17:22
[INFO] [stdout]    |
[INFO] [stdout] 17 |         self.players.remove_item(&player);
[INFO] [stdout]    |                      ^^^^^^^^^^^ help: there is a method with a similar name: `remove`
[INFO] [stdout] 
[INFO] [stdout] 
[INFO] [stdout] error: aborting due to 2 previous errors
[INFO] [stdout] 
[INFO] [stdout] 
[INFO] [stdout] Some errors have detailed explanations: E0599, E0635.
[INFO] [stdout] 
[INFO] [stdout] For more information about an error, try `rustc --explain E0599`.
[INFO] [stdout] 
[INFO] [stderr] error: could not compile `gamer` (lib) due to 3 previous errors
[INFO] [stderr] warning: build failed, waiting for other jobs to finish...
[INFO] [stdout] error[E0599]: no method named `remove_item` found for struct `Vec<P>` in the current scope
[INFO] [stdout]   --> src/matchers/continuous/random_pairs.rs:17:22
[INFO] [stdout]    |
[INFO] [stdout] 17 |         self.players.remove_item(&player);
[INFO] [stdout]    |                      ^^^^^^^^^^^ help: there is a method with a similar name: `remove`
[INFO] [stdout] 
[INFO] [stdout] 
[INFO] [stdout] error: aborting due to 2 previous errors
[INFO] [stdout] 
[INFO] [stdout] 
[INFO] [stdout] Some errors have detailed explanations: E0599, E0635.
[INFO] [stdout] 
[INFO] [stdout] For more information about an error, try `rustc --explain E0599`.
[INFO] [stdout] 
[INFO] [stderr] error: could not compile `gamer` (lib test) due to 3 previous errors
[INFO] running `Command { std: "docker" "inspect" "0ad179296378bafd9415c113bf00385014c403d43fab5dbfd2e60536e2828a86", kill_on_drop: false }`
[INFO] running `Command { std: "docker" "rm" "-f" "0ad179296378bafd9415c113bf00385014c403d43fab5dbfd2e60536e2828a86", kill_on_drop: false }`
[INFO] [stdout] 0ad179296378bafd9415c113bf00385014c403d43fab5dbfd2e60536e2828a86
